{"id":16510,"date":"2022-08-02T15:18:34","date_gmt":"2022-08-02T13:18:34","guid":{"rendered":"https:\/\/www.anlux.hu\/?page_id=16510"},"modified":"2022-08-02T15:23:46","modified_gmt":"2022-08-02T13:23:46","slug":"kapacitasbovites-a-termekminoseg-javitasa-erdekeben-az-antal-es-antal-kft-nel-2","status":"publish","type":"page","link":"https:\/\/www.anlux.hu\/?page_id=16510","title":{"rendered":"Kapacit\u00e1sb\u0151v\u00edt\u00e9s a term\u00e9kmin\u0151s\u00e9g jav\u00edt\u00e1sa \u00e9rdek\u00e9ben az Antal \u00e9s antal Kft.-n\u00e9l"},"content":{"rendered":"<figure class=\"wp-block-image size-large\"><a href=\"https:\/\/www.anlux.hu\/wp-content\/uploads\/2021\/12\/ginop-1.2.1.png\"><img loading=\"lazy\" decoding=\"async\" class=\"alignnone wp-image-14118 size-medium\" src=\"https:\/\/www.anlux.hu\/wp-content\/uploads\/2021\/12\/ginop-1.2.1-300x212.png\" alt=\"\" width=\"300\" height=\"212\" srcset=\"https:\/\/www.anlux.hu\/wp-content\/uploads\/2021\/12\/ginop-1.2.1-300x212.png 300w, https:\/\/www.anlux.hu\/wp-content\/uploads\/2021\/12\/ginop-1.2.1-1000x705.png 1000w, https:\/\/www.anlux.hu\/wp-content\/uploads\/2021\/12\/ginop-1.2.1-1024x722.png 1024w, https:\/\/www.anlux.hu\/wp-content\/uploads\/2021\/12\/ginop-1.2.1-768x541.png 768w, https:\/\/www.anlux.hu\/wp-content\/uploads\/2021\/12\/ginop-1.2.1-808x570.png 808w, https:\/\/www.anlux.hu\/wp-content\/uploads\/2021\/12\/ginop-1.2.1-500x353.png 500w, https:\/\/www.anlux.hu\/wp-content\/uploads\/2021\/12\/ginop-1.2.1-550x388.png 550w, https:\/\/www.anlux.hu\/wp-content\/uploads\/2021\/12\/ginop-1.2.1-700x494.png 700w, https:\/\/www.anlux.hu\/wp-content\/uploads\/2021\/12\/ginop-1.2.1-400x282.png 400w, https:\/\/www.anlux.hu\/wp-content\/uploads\/2021\/12\/ginop-1.2.1-1200x846.png 1200w, https:\/\/www.anlux.hu\/wp-content\/uploads\/2021\/12\/ginop-1.2.1.png 1234w\" sizes=\"auto, (max-width: 300px) 100vw, 300px\" \/><\/a><\/figure>\r\n<!-- \/wp:post-content -->\r\n\r\n<!-- wp:paragraph -->\r\n<p><strong>Kedvezm\u00e9nyezett neve:<\/strong> ANTAL \u00e9s ANTAL Kft.<\/p>\r\n<!-- \/wp:paragraph -->\r\n\r\n<!-- wp:paragraph -->\r\n<p><strong>Projekt c\u00edme<\/strong>: Kapacit\u00e1sb\u0151v\u00edt\u00e9s a term\u00e9kmin\u0151s\u00e9g jav\u00edt\u00e1sa \u00e9rdek\u00e9ben az Antal \u00e9s Antal Kft.-n\u00e9l.<\/p>\r\n<!-- \/wp:paragraph -->\r\n\r\n<!-- wp:paragraph -->\r\n<p><strong>T\u00e1mogat\u00e1s \u00f6sszege<\/strong>: 155 177 982 Ft<\/p>\r\n<!-- \/wp:paragraph -->\r\n\r\n<!-- wp:paragraph -->\r\n<p><strong>T\u00e1mogat\u00e1s m\u00e9rt\u00e9ke<\/strong>: 50 %<\/p>\r\n<!-- \/wp:paragraph -->\r\n\r\n<!-- wp:paragraph -->\r\n<p><strong>Projekt tartalma<\/strong>: A megrendel\u0151i \u00e1llom\u00e1ny pontos, min\u0151s\u00e9gi teljes\u00edt\u00e9se \u00e9rdek\u00e9ben a k\u00f6vetkez\u0151 elemek ker\u00fcltek beszerz\u00e9sre: v\u00edzszintes eszterga, egy \u00e9lhajl\u00edt\u00f3,\u00a0\u00a0 forg\u00f3fejes mar\u00f3g\u00e9p valamint a red\u0151nygy\u00e1rt\u00f3g\u00e9p adagol\u00f3asztallal \u00e9s kett\u0151 darab fr\u00f6ccs\u00f6nt\u0151 g\u00e9p, valamint az er\u0151s\u00edtett pvc red\u0151ny profil \u00e9s a PVC red\u0151nyl\u00e9c extruzi\u00f3s szersz\u00e1m elk\u00e9sz\u00fclt a fr\u00f6ccs\u00f6nt\u0151 szersz\u00e1mok mellett. Valamint egy \u00faj m\u0171helycsarnok \u00e9p\u00fclt, ahov\u00e1 a pr\u00e9sg\u00e9p \u00e9s a tekercslefejt\u0151 ker\u00fclt. A projekt megval\u00f3sul\u00e1s\u00e1val a c\u00e9g az eddigin\u00e9l nagyobb volumenben tudja teljes\u00edteni megrendel\u00e9seit.<\/p>\r\n<!-- \/wp:paragraph -->\r\n\r\n<!-- wp:paragraph -->\r\n<p><strong>Projekt befejez\u00e9si d\u00e1tuma<\/strong>: 2021.06.25.<\/p>\r\n<!-- \/wp:paragraph -->\r\n\r\n<!-- wp:paragraph -->\r\n<p><strong>Projekt azonos\u00edt\u00f3:<\/strong> GINOP-1.2.1-16-2017-00717<\/p>","protected":false},"excerpt":{"rendered":"<p>Kedvezm\u00e9nyezett neve: ANTAL \u00e9s ANTAL Kft. Projekt c\u00edme: Kapacit\u00e1sb\u0151v\u00edt\u00e9s a term\u00e9kmin\u0151s\u00e9g jav\u00edt\u00e1sa \u00e9rdek\u00e9ben az Antal \u00e9s Antal Kft.-n\u00e9l. T\u00e1mogat\u00e1s \u00f6sszege: 155 177 982 Ft T\u00e1mogat\u00e1s m\u00e9rt\u00e9ke: 50 % Projekt tartalma: A megrendel\u0151i \u00e1llom\u00e1ny pontos, min\u0151s\u00e9gi teljes\u00edt\u00e9se \u00e9rdek\u00e9ben a k\u00f6vetkez\u0151 elemek ker\u00fcltek beszerz\u00e9sre: v\u00edzszintes eszterga, egy \u00e9lhajl\u00edt\u00f3,\u00a0\u00a0 forg\u00f3fejes mar\u00f3g\u00e9p valamint a red\u0151nygy\u00e1rt\u00f3g\u00e9p adagol\u00f3asztallal \u00e9s kett\u0151 darab&#8230;<\/p>\n<p><a rel=\"bookmark\" class=\"theme-button-text wvc-button wvc-button-size-xs\" href=\"https:\/\/www.anlux.hu\/?page_id=16510\"><small class=\"wvc-button-background-fill\"><\/small><span>Continue reading<\/span><\/a><\/p>\n","protected":false},"author":2,"featured_media":14226,"parent":0,"menu_order":0,"comment_status":"closed","ping_status":"closed","template":"","meta":{"footnotes":""},"class_list":{"0":"post-16510","1":"page","2":"type-page","3":"status-publish","4":"has-post-thumbnail","5":"hentry","6":"entry","7":"clearfix","8":"entry-grid","9":"entry-columns-default","10":"entry-page-module-layout-standard","11":"thumbnail-color-tone-light","12":"entry-page","14":"entry-page-grid"},"_links":{"self":[{"href":"https:\/\/www.anlux.hu\/index.php?rest_route=\/wp\/v2\/pages\/16510","targetHints":{"allow":["GET"]}}],"collection":[{"href":"https:\/\/www.anlux.hu\/index.php?rest_route=\/wp\/v2\/pages"}],"about":[{"href":"https:\/\/www.anlux.hu\/index.php?rest_route=\/wp\/v2\/types\/page"}],"author":[{"embeddable":true,"href":"https:\/\/www.anlux.hu\/index.php?rest_route=\/wp\/v2\/users\/2"}],"replies":[{"embeddable":true,"href":"https:\/\/www.anlux.hu\/index.php?rest_route=%2Fwp%2Fv2%2Fcomments&post=16510"}],"version-history":[{"count":2,"href":"https:\/\/www.anlux.hu\/index.php?rest_route=\/wp\/v2\/pages\/16510\/revisions"}],"predecessor-version":[{"id":16515,"href":"https:\/\/www.anlux.hu\/index.php?rest_route=\/wp\/v2\/pages\/16510\/revisions\/16515"}],"wp:featuredmedia":[{"embeddable":true,"href":"https:\/\/www.anlux.hu\/index.php?rest_route=\/wp\/v2\/media\/14226"}],"wp:attachment":[{"href":"https:\/\/www.anlux.hu\/index.php?rest_route=%2Fwp%2Fv2%2Fmedia&parent=16510"}],"curies":[{"name":"wp","href":"https:\/\/api.w.org\/{rel}","templated":true}]}}

Kapacitásbővítés a termékminőség javítása érdekében az Antal és antal Kft.-nél

<figure class="wp-block-image size-large"><a href="https://www.anlux.hu/wp-content/uploads/2021/12/ginop-1.2.1.png"><img loading="lazy" decoding="async" class="alignnone wp-image-14118 size-medium" src="https://www.anlux.hu/wp-content/uploads/2021/12/ginop-1.2.1-300x212.png" alt="" width="300" height="212" srcset="https://www.anlux.hu/wp-content/uploads/2021/12/ginop-1.2.1-300x212.png 300w, https://www.anlux.hu/wp-content/uploads/2021/12/ginop-1.2.1-1000x705.png 1000w, https://www.anlux.hu/wp-content/uploads/2021/12/ginop-1.2.1-1024x722.png 1024w, https://www.anlux.hu/wp-content/uploads/2021/12/ginop-1.2.1-768x541.png 768w, https://www.anlux.hu/wp-content/uploads/2021/12/ginop-1.2.1-808x570.png 808w, https://www.anlux.hu/wp-content/uploads/2021/12/ginop-1.2.1-500x353.png 500w, https://www.anlux.hu/wp-content/uploads/2021/12/ginop-1.2.1-550x388.png 550w, https://www.anlux.hu/wp-content/uploads/2021/12/ginop-1.2.1-700x494.png 700w, https://www.anlux.hu/wp-content/uploads/2021/12/ginop-1.2.1-400x282.png 400w, https://www.anlux.hu/wp-content/uploads/2021/12/ginop-1.2.1-1200x846.png 1200w, https://www.anlux.hu/wp-content/uploads/2021/12/ginop-1.2.1.png 1234w" sizes="auto, (max-width: 300px) 100vw, 300px" /></a></figure>
<!-- /wp:post-content -->

<!-- wp:paragraph -->
<p><strong>Kedvezményezett neve:</strong> ANTAL és ANTAL Kft.</p>
<!-- /wp:paragraph -->

<!-- wp:paragraph -->
<p><strong>Projekt címe</strong>: Kapacitásbővítés a termékminőség javítása érdekében az Antal és Antal Kft.-nél.</p>
<!-- /wp:paragraph -->

<!-- wp:paragraph -->
<p><strong>Támogatás összege</strong>: 155 177 982 Ft</p>
<!-- /wp:paragraph -->

<!-- wp:paragraph -->
<p><strong>Támogatás mértéke</strong>: 50 %</p>
<!-- /wp:paragraph -->

<!-- wp:paragraph -->
<p><strong>Projekt tartalma</strong>: A megrendelői állomány pontos, minőségi teljesítése érdekében a következő elemek kerültek beszerzésre: vízszintes eszterga, egy élhajlító,   forgófejes marógép valamint a redőnygyártógép adagolóasztallal és kettő darab fröccsöntő gép, valamint az erősített pvc redőny profil és a PVC redőnyléc extruziós szerszám elkészült a fröccsöntő szerszámok mellett. Valamint egy új műhelycsarnok épült, ahová a présgép és a tekercslefejtő került. A projekt megvalósulásával a cég az eddiginél nagyobb volumenben tudja teljesíteni megrendeléseit.</p>
<!-- /wp:paragraph -->

<!-- wp:paragraph -->
<p><strong>Projekt befejezési dátuma</strong>: 2021.06.25.</p>
<!-- /wp:paragraph -->

<!-- wp:paragraph -->
<p><strong>Projekt azonosító:</strong> GINOP-1.2.1-16-2017-00717</p>

<p>Kedvezményezett neve: ANTAL és ANTAL Kft. Projekt címe: Kapacitásbővítés a termékminőség javítása érdekében az Antal és Antal Kft.-nél. Támogatás összege: 155 177 982 Ft Támogatás mértéke: 50 % Projekt tartalma: A megrendelői állomány pontos, minőségi teljesítése érdekében a következő elemek kerültek beszerzésre: vízszintes eszterga, egy élhajlító,   forgófejes marógép valamint a redőnygyártógép adagolóasztallal és kettő darab&#8230;</p>
<p><a rel="bookmark" class="theme-button-text wvc-button wvc-button-size-xs" href="https://www.anlux.hu/?page_id=16510"><small class="wvc-button-background-fill"></small><span>Continue reading</span></a></p>
