{"id":15976,"date":"2021-12-12T23:46:01","date_gmt":"2021-12-12T22:46:01","guid":{"rendered":"http:\/\/anlux.localdev\/?post_type=product&#038;p=15976"},"modified":"2022-02-04T11:14:37","modified_gmt":"2022-02-04T10:14:37","slug":"zsaluzia-motorok","status":"publish","type":"product","link":"https:\/\/www.anlux.hu\/?product=zsaluzia-motorok","title":{"rendered":"Zsal\u00fazia motorok"},"content":{"rendered":"<p>[vc_row][vc_column][vc_accordion][vc_accordion_tab title=&#8221;DV 55 SA \u2013 2\u00d74,5\/26 (IP 54), DV 55 SA \u2013 2\u00d79,5\/26 (IP 54)&#8221;][vc_column_text]Zsal\u00fazia motor, mechanikus v\u00e9g\u00e1ll\u00e1skapcsol\u00f3val, t\u00falmeleged\u00e9s elleni v\u00e9delemmel.<\/p>\n<p><strong>Alaptartoz\u00e9kok:<\/strong> felfogat\u00f3 konzol, 1 m k\u00e1bel.<\/p>\n<p><strong>Felhaszn\u00e1lhat\u00f3s\u00e1g:<\/strong> zsal\u00fazia.[\/vc_column_text][vc_column_text]<\/p>\n<table>\n<tbody>\n<tr>\n<th>Forgat\u00f3 nyomat\u00e9k (Nm)<\/th>\n<th>Fordulat-sz\u00e1m (rpm)<\/th>\n<th>Motor \u00e1tm\u00e9r\u0151 (mm)<\/th>\n<th>Fezs\u00fclts\u00e9g ig\u00e9ny (V)<\/th>\n<th>Frekvencia (Hz)<\/th>\n<th>Teljes\u00edtm\u00e9ny (W)<\/th>\n<th>\u00c1ram felv\u00e9tel (A)<\/th>\n<th>M\u0171k\u00f6d\u00e9si id\u0151 MAX! (perc)<\/th>\n<th>Motor t\u00f6m\u00edtetts\u00e9ge (IP)<\/th>\n<th>Maximum ford. sz\u00e1m (turnus)<\/th>\n<\/tr>\n<tr>\n<td>2\u00d73<\/td>\n<td>\u00a026<\/td>\n<td>55x55x49<\/td>\n<td>\u00a0230<\/td>\n<td>\u00a050<\/td>\n<td>\u00a0131<\/td>\n<td>0,58<\/td>\n<td>\u00a06<\/td>\n<td>\u00a0IP40<\/td>\n<td>\u00a0100<\/td>\n<\/tr>\n<tr>\n<td>2\u00d73<\/td>\n<td>\u00a026<\/td>\n<td>55x55x49<\/td>\n<td>\u00a0230<\/td>\n<td>\u00a050<\/td>\n<td>\u00a0152<\/td>\n<td>\u00a00,67<\/td>\n<td>\u00a06<\/td>\n<td>\u00a0IP40<\/td>\n<td>\u00a0100<\/td>\n<\/tr>\n<tr>\n<td>2\u00d73<\/td>\n<td>\u00a026<\/td>\n<td>55x55x49<\/td>\n<td>\u00a0230<\/td>\n<td>\u00a050<\/td>\n<td>\u00a0259<\/td>\n<td>\u00a01,23<\/td>\n<td>\u00a06<\/td>\n<td>\u00a0IP40<\/td>\n<td>\u00a0100<\/td>\n<\/tr>\n<\/tbody>\n<\/table>\n<p>[\/vc_column_text][\/vc_accordion_tab][\/vc_accordion][\/vc_column][\/vc_row]<\/p>\n","protected":false},"excerpt":{"rendered":"<p>Fali kapcsol\u00f3val vez\u00e9relhet\u0151 zsal\u00fazia motorok, v\u00e9szmeg\u00e1ll\u00edt\u00f3 gombbal ell\u00e1tva, k\u00fcls\u0151 r\u00e1di\u00f3vev\u0151vel b\u0151v\u00edtve k\u00e9zi \u00e9s fali t\u00e1vir\u00e1ny\u00edt\u00f3val vez\u00e9relhet\u0151ek.\u00a0[vc_row][vc_column][wvc_content_block id=\"15953\"][\/vc_column][\/vc_row]<\/p>\n","protected":false},"featured_media":16257,"template":"","meta":[],"product_brand":[],"product_cat":[129],"product_tag":[],"class_list":{"0":"post-15976","1":"product","2":"type-product","3":"status-publish","4":"has-post-thumbnail","6":"product_cat-motorok","7":"entry-post-skin-light","8":"entry","9":"clearfix","10":"entry-grid","11":"entry-columns-4","12":"entry-product-module-layout-standard","13":"thumbnail-color-tone-dark","14":"entry-product","16":"entry-product-grid","18":"first","19":"instock","20":"shipping-taxable","21":"product-type-simple"},"_links":{"self":[{"href":"https:\/\/www.anlux.hu\/index.php?rest_route=\/wp\/v2\/product\/15976","targetHints":{"allow":["GET"]}}],"collection":[{"href":"https:\/\/www.anlux.hu\/index.php?rest_route=\/wp\/v2\/product"}],"about":[{"href":"https:\/\/www.anlux.hu\/index.php?rest_route=\/wp\/v2\/types\/product"}],"wp:featuredmedia":[{"embeddable":true,"href":"https:\/\/www.anlux.hu\/index.php?rest_route=\/wp\/v2\/media\/16257"}],"wp:attachment":[{"href":"https:\/\/www.anlux.hu\/index.php?rest_route=%2Fwp%2Fv2%2Fmedia&parent=15976"}],"wp:term":[{"taxonomy":"product_brand","embeddable":true,"href":"https:\/\/www.anlux.hu\/index.php?rest_route=%2Fwp%2Fv2%2Fproduct_brand&post=15976"},{"taxonomy":"product_cat","embeddable":true,"href":"https:\/\/www.anlux.hu\/index.php?rest_route=%2Fwp%2Fv2%2Fproduct_cat&post=15976"},{"taxonomy":"product_tag","embeddable":true,"href":"https:\/\/www.anlux.hu\/index.php?rest_route=%2Fwp%2Fv2%2Fproduct_tag&post=15976"}],"curies":[{"name":"wp","href":"https:\/\/api.w.org\/{rel}","templated":true}]}}