{"id":16326,"date":"2022-03-28T14:13:19","date_gmt":"2022-03-28T12:13:19","guid":{"rendered":"https:\/\/www.anlux.hu\/?post_type=product&#038;p=16326"},"modified":"2023-03-03T15:05:08","modified_gmt":"2023-03-03T14:05:08","slug":"naphalo","status":"publish","type":"product","link":"https:\/\/www.anlux.hu\/?product=naphalo","title":{"rendered":"Naph\u00e1l\u00f3"},"content":{"rendered":"","protected":false},"excerpt":{"rendered":"<p>K\u00fclt\u00e9rre szerelhet\u0151 naph\u00e1l\u00f3 rendszer\u00fcnk k\u00e9t f\u00e9le megvezet\u00e9ssel k\u00e9rhet\u0151 &#8211; S\u00ednes vagy Bowdenes &#8211; . M\u0171k\u00f6d\u00e9s\u00e9t tekintve lehet kurblis vagy motoros.<\/p>\n","protected":false},"featured_media":16327,"template":"","meta":[],"product_brand":[],"product_cat":[148],"product_tag":[],"class_list":{"0":"post-16326","1":"product","2":"type-product","3":"status-publish","4":"has-post-thumbnail","6":"product_cat-kulsoarnyekolok","7":"entry-post-skin-light","8":"entry-product-has-gallery","9":"entry","10":"clearfix","11":"entry-grid","12":"entry-columns-4","13":"entry-product-module-layout-standard","14":"thumbnail-color-tone-dark","15":"entry-product","17":"entry-product-grid","19":"first","20":"instock","21":"shipping-taxable","22":"product-type-simple"},"_links":{"self":[{"href":"https:\/\/www.anlux.hu\/index.php?rest_route=\/wp\/v2\/product\/16326","targetHints":{"allow":["GET"]}}],"collection":[{"href":"https:\/\/www.anlux.hu\/index.php?rest_route=\/wp\/v2\/product"}],"about":[{"href":"https:\/\/www.anlux.hu\/index.php?rest_route=\/wp\/v2\/types\/product"}],"wp:featuredmedia":[{"embeddable":true,"href":"https:\/\/www.anlux.hu\/index.php?rest_route=\/wp\/v2\/media\/16327"}],"wp:attachment":[{"href":"https:\/\/www.anlux.hu\/index.php?rest_route=%2Fwp%2Fv2%2Fmedia&parent=16326"}],"wp:term":[{"taxonomy":"product_brand","embeddable":true,"href":"https:\/\/www.anlux.hu\/index.php?rest_route=%2Fwp%2Fv2%2Fproduct_brand&post=16326"},{"taxonomy":"product_cat","embeddable":true,"href":"https:\/\/www.anlux.hu\/index.php?rest_route=%2Fwp%2Fv2%2Fproduct_cat&post=16326"},{"taxonomy":"product_tag","embeddable":true,"href":"https:\/\/www.anlux.hu\/index.php?rest_route=%2Fwp%2Fv2%2Fproduct_tag&post=16326"}],"curies":[{"name":"wp","href":"https:\/\/api.w.org\/{rel}","templated":true}]}}